t is the greatest common divisor of 720 and 200?
40
Calculate the greatest common factor of 260 and 5.
5
Calculate the highest common divisor of 22 and 1.
1
Calculate the greatest common divisor of 411 and 3425.
137
Calculate the highest common factor of 1593 and 59.
59
What is the highest common factor of 87 and 9?
3
What is the highest common factor of 366 and 180?
6
Calculate the greatest common divisor of 3566 and 2.
2
What is the highest common factor of 975 and 300?
75
Calculate the highest common divisor of 58 and 725.
29
What is the highest common factor of 70 and 100?
10
Calculate the highest common factor of 5160 and 86.
86
Calculate the highest common divisor of 917 and 49.
7
Calculate the highest common divisor of 4 and 7.
1
What is the highest common divisor of 7849 and 668?
167
What is the greatest common factor of 769 and 2?
1
Calculate the highest common divisor of 2656 and 83.
83
What is the highest common divisor of 928 and 29?
29
Calculate the greatest common factor of 5 and 3.
1
What is the highest common divisor of 651 and 93?
93
What is the greatest common divisor of 17 and 2737?
17
What is the greatest common factor of 707 and 7?
7
What is the highest common factor of 20 and 140?
20
What is the greatest common factor of 357 and 306?
51
Calculate the greatest common divisor of 60 and 204.
12
What is the greatest common divisor of 12863 and 19?
19
What is the greatest common factor of 55 and 44?
11
What is the greatest common factor of 1102 and 58?
58
Calculate the highest common divisor of 10469 and 203.
29
What is the highest common factor of 512 and 424?
8
What is the highest common divisor of 672 and 105?
21
What is the highest common divisor of 434 and 7?
7
Calculate the highest common factor of 152 and 6.
2
Calculate the highest common divisor of 110 and 80.
10
Calculate the greatest common factor of 152 and 190.
38
What is the greatest common divisor of 33 and 704?
11
Calculate the highest common factor of 14396 and 708.
236
Calculate the highest common factor of 149 and 3.
1
What is the greatest common factor of 18 and 690?
6
What is the greatest common divisor of 12534 and 6?
6
What is the greatest common factor of 459 and 4437?
153
Calculate the greatest common divisor of 384 and 76.
4
Calculate the greatest common divisor of 945 and 35.
35
Calculate the greatest common divisor of 21688 and 8.
8
What is the greatest common divisor of 2992 and 255?
17
What is the greatest common divisor of 2 and 322?
2
What is the greatest common factor of 40 and 180?
20
Calculate the greatest common factor of 82 and 2214.
82
Calculate the highest common factor of 22 and 88.
22
What is the highest common factor of 21545 and 155?
155
Calculate the highest common factor of 9370 and 10.
10
What is the greatest common factor of 124 and 217?
31
Calculate the greatest common factor of 2175 and 165.
15
What is the highest common factor of 7878 and 78?
78
Calculate the highest common factor of 90 and 486.
18
What is the highest common divisor of 6 and 17?
1
What is the greatest common factor of 16 and 324?
4
What is the greatest common divisor of 31 and 8?
1
What is the greatest common factor of 4418 and 1222?
94
Calculate the highest common divisor of 2048 and 4.
4
Calculate the highest common divisor of 6305 and 130.
65
Calculate the greatest common factor of 25 and 40.
5
Calculate the greatest common factor of 111 and 6.
3
Calculate the highest common divisor of 44 and 7601.
11
What is the highest common divisor of 102 and 6?
6
Calculate the highest common divisor of 5295 and 15.
15
Calculate the greatest common divisor of 21 and 5.
1
What is the greatest common divisor of 375 and 300?
75
Calculate the highest common divisor of 23 and 529.
23
What is the greatest common divisor of 3783 and 78?
39
What is the highest common factor of 13158 and 34?
34
Calculate the greatest common factor of 2727 and 27.
27
Calculate the greatest common factor of 1275 and 391.
17
Calculate the greatest common factor of 54 and 342.
18
Calculate the highest common factor of 260 and 325.
65
Calculate the greatest common divisor of 84 and 140.
28
Calculate the greatest common factor of 536 and 8.
8
What is the highest common factor of 77 and 22?
11
What is the greatest common factor of 17 and 493?
17
Calculate the highest common divisor of 90 and 1575.
45
What is the highest common divisor of 30 and 90?
30
Calculate the highest common divisor of 525 and 140.
35
Calculate the highest common factor of 38 and 4.
2
Calculate the highest common divisor of 50 and 2025.
25
What is the greatest common factor of 74 and 703?
37
Calculate the highest common divisor of 405 and 15.
15
What is the highest common factor of 197 and 11623?
197
What is the greatest common factor of 352 and 224?
32
Calculate the highest common factor of 3688 and 8.
8
Calculate the greatest common factor of 47 and 517.
47
Calculate the greatest common divisor of 4117 and 23.
23
What is the greatest common divisor of 1360 and 560?
80
Calculate the greatest common factor of 89 and 267.
89
What is the greatest common divisor of 1595 and 110?
55
What is the highest common factor of 8967 and 98?
49
What is the highest common divisor of 477 and 1166?
53
What is the greatest common divisor of 1199 and 11?
11
What is the greatest common factor of 142 and 40?
2
Calculate the highest common divisor of 67 and 268.
67
What is the greatest common factor of 11620 and 7?
7
Calculate the highest common factor of 3030 and 195.
15
What is the greatest common factor of 48 and 528?
48
What is the greatest common factor of 36 and 300?
12
What is the greatest common divisor of 23184 and 184?
184
Calculate the highest common factor of 132 and 462.
66
Calculate the greatest common factor of 49 and 14.
7
Calculate the highest common divisor of 575 and 75.
25
What is the greatest common divisor of 1863 and 276?
69
What is the highest common divisor of 1898 and 936?
26
What is the highest common factor of 1683 and 99?
99
Calculate the highest common divisor of 117 and 45.
9
Calculate the greatest common divisor of 561 and 44.
11
What is the greatest common divisor of 88 and 10692?
44
What is the highest common divisor of 7752 and 84?
12
What is the highest common factor of 288 and 32?
32
What is the greatest common divisor of 5 and 5?
5
Calculate the highest common divisor of 190 and 3230.
190
What is the highest common factor of 45 and 1035?
45
What is the highest common divisor of 63 and 117?
9
Calculate the highest common factor of 530 and 36994.
106
Calculate the greatest common factor of 170 and 374.
34
Calculate the greatest common factor of 5 and 60.
5
What is the greatest common divisor of 205 and 943?
41
Calculate the highest common factor of 406 and 1421.
203
What is the highest common divisor of 1 and 1384?
1
What is the greatest common factor of 36 and 2106?
18
What is the highest common divisor of 140 and 182?
14
What is the greatest common factor of 57 and 2983?
19
Calculate the greatest common factor of 82 and 287.
41
What is the highest common divisor of 99 and 33?
33
What is the highest common factor of 24 and 906?
6
What is the highest common divisor of 24313 and 82?
41
What is the highest common divisor of 2494 and 86?
86
Calculate the greatest common factor of 2208 and 207.
69
Calculate the greatest common divisor of 11 and 154.
11
Calculate the highest common factor of 328 and 6929.
41
What is the greatest common divisor of 7 and 3?
1
Calculate the highest common factor of 15 and 15.
15
Calculate the greatest common factor of 522 and 234.
18
What is the highest common divisor of 112 and 144?
16
Calculate the greatest common factor of 4780 and 1673.
239
What is the highest common factor of 221 and 91?
13
What is the highest common divisor of 3 and 75?
3
Calculate the highest common factor of 711 and 9.
9
What is the greatest common factor of 476 and 1036?
28
What is the highest common factor of 26898 and 3?
3
Calculate the highest common factor of 1519 and 31.
31
What is the greatest common divisor of 11 and 209?
11
What is the greatest common factor of 1428 and 546?
42
Calculate the highest common factor of 22 and 19954.
22
What is the greatest common factor of 1846 and 26?
26
Calculate the great